{"id":401,"date":"2024-05-24T02:16:56","date_gmt":"2024-05-24T02:16:56","guid":{"rendered":"https:\/\/gaviaspreview.com\/wp\/consilox\/?page_id=16"},"modified":"2025-12-08T15:43:20","modified_gmt":"2025-12-08T12:43:20","slug":"hakkimizda","status":"publish","type":"page","link":"https:\/\/meelcsteel.com\/index.php\/hakkimizda\/","title":{"rendered":"Hakk\u0131m\u0131zda"},"content":{"rendered":"\t\t<div data-elementor-type=\"wp-page\" data-elementor-id=\"401\" class=\"elementor elementor-401\">\n\t\t\t\t<div class=\"elementor-element elementor-element-2738740 e-flex e-con-boxed e-con e-parent\" data-id=\"2738740\" data-element_type=\"container\" data-e-type=\"container\" data-settings=\"{&quot;background_background&quot;:&quot;slideshow&quot;,&quot;background_slideshow_gallery&quot;:[{&quot;id&quot;:97,&quot;url&quot;:&quot;https:\\\/\\\/gaviaspreview.com\\\/wp\\\/consilox\\\/wp-content\\\/uploads\\\/2024\\\/05\\\/breadcrumb-02.jpg&quot;},{&quot;id&quot;:94,&quot;url&quot;:&quot;https:\\\/\\\/gaviaspreview.com\\\/wp\\\/consilox\\\/wp-content\\\/uploads\\\/2024\\\/05\\\/breadcrumb-01.jpg&quot;}],&quot;background_slideshow_ken_burns&quot;:&quot;yes&quot;,&quot;background_slideshow_ken_burns_zoom_direction&quot;:&quot;out&quot;,&quot;background_slideshow_loop&quot;:&quot;yes&quot;,&quot;background_slideshow_slide_duration&quot;:5000,&quot;background_slideshow_slide_transition&quot;:&quot;fade&quot;,&quot;background_slideshow_transition_duration&quot;:500}\">\n\t\t\t\t\t<div class=\"e-con-inner\">\n\t\t<div class=\"elementor-element elementor-element-44b02c6 e-con-full e-flex e-con e-child\" data-id=\"44b02c6\" data-element_type=\"container\" data-e-type=\"container\">\n\t\t\t\t<div class=\"elementor-element elementor-element-7e8c8c3 elementor-widget elementor-widget-gva-heading-block\" data-id=\"7e8c8c3\" data-element_type=\"widget\" data-e-type=\"widget\" data-widget_type=\"gva-heading-block.default\">\n\t\t\t\t<div class=\"elementor-widget-container\">\n\t\t\t\t\t<div class=\"gva-element-gva-heading-block gva-element\">   <div class=\"align-left style-1 widget gsc-heading box-align-left auto-responsive\">\r\n      <div class=\"content-inner\">\r\n         \r\n                  \r\n           \r\n         \r\n                     <h2 class=\"title \">\r\n               <span>Hakk\u0131m\u0131zda<\/span>\r\n            <\/h2>\r\n                  \r\n                     <div class=\"title-desc\">Y\u00fcksek Teknoloji, Y\u00fcksek Dayan\u0131kl\u0131l\u0131k<\/div>\r\n         \r\n         \r\n      <\/div>\r\n   <\/div>\r\n<\/div>\t\t\t\t<\/div>\n\t\t\t\t<\/div>\n\t\t\t\t<\/div>\n\t\t\t\t\t<\/div>\n\t\t\t\t<\/div>\n\t\t<div class=\"elementor-element elementor-element-35b98e82 e-con-full e-flex e-con e-parent\" data-id=\"35b98e82\" data-element_type=\"container\" data-e-type=\"container\" data-settings=\"{&quot;background_background&quot;:&quot;classic&quot;}\">\n\t\t<div class=\"elementor-element elementor-element-57378854 e-con-full e-flex e-con e-child\" data-id=\"57378854\" data-element_type=\"container\" data-e-type=\"container\" data-settings=\"{&quot;background_background&quot;:&quot;classic&quot;}\">\n\t\t\t\t<div class=\"elementor-element elementor-element-4148c638 elementor-widget elementor-widget-spacer\" data-id=\"4148c638\" data-element_type=\"widget\" data-e-type=\"widget\" data-widget_type=\"spacer.default\">\n\t\t\t\t<div class=\"elementor-widget-container\">\n\t\t\t\t\t\t\t<div class=\"elementor-spacer\">\n\t\t\t<div class=\"elementor-spacer-inner\"><\/div>\n\t\t<\/div>\n\t\t\t\t\t\t<\/div>\n\t\t\t\t<\/div>\n\t\t\t\t<\/div>\n\t\t<div class=\"elementor-element elementor-element-7625d4f5 e-con-full e-flex e-con e-child\" data-id=\"7625d4f5\" data-element_type=\"container\" data-e-type=\"container\">\n\t\t<div class=\"elementor-element elementor-element-3598e99a col-contain-left e-flex e-con-boxed e-con e-child\" data-id=\"3598e99a\" data-element_type=\"container\" data-e-type=\"container\">\n\t\t\t\t\t<div class=\"e-con-inner\">\n\t\t\t\t<div class=\"elementor-element elementor-element-418e5857 elementor-widget elementor-widget-gva-heading-block\" data-id=\"418e5857\" data-element_type=\"widget\" data-e-type=\"widget\" data-widget_type=\"gva-heading-block.default\">\n\t\t\t\t<div class=\"elementor-widget-container\">\n\t\t\t\t\t<div class=\"gva-element-gva-heading-block gva-element\">   <div class=\"align-left style-1 widget gsc-heading box-align-left auto-responsive\">\r\n      <div class=\"content-inner\">\r\n         \r\n                  \r\n         <div class=\"sub-title\"><span class=\"tagline\">Meelc Steel<\/span><\/div>  \r\n         \r\n                     <h2 class=\"title \">\r\n               <span>Y\u00fcksek Teknoloji, <em>Y\u00fcksek Dayan\u0131kl\u0131l\u0131k <\/em><\/span>\r\n            <\/h2>\r\n                  \r\n                     <div class=\"title-desc\">Meelc Steel \u2013 G\u00fcc\u00fcn\u00fc \u00c7elikten Alan K\u00fcresel Tedarik Orta\u011f\u0131n\u0131z.<\/div>\r\n         \r\n         \r\n      <\/div>\r\n   <\/div>\r\n<\/div>\t\t\t\t<\/div>\n\t\t\t\t<\/div>\n\t\t<div class=\"elementor-element elementor-element-66b1de7e ml-0 e-flex e-con-boxed e-con e-child\" data-id=\"66b1de7e\" data-element_type=\"container\" data-e-type=\"container\">\n\t\t\t\t\t<div class=\"e-con-inner\">\n\t\t\t\t<div class=\"elementor-element elementor-element-089b13f elementor-widget elementor-widget-text-editor\" data-id=\"089b13f\" data-element_type=\"widget\" data-e-type=\"widget\" data-widget_type=\"text-editor.default\">\n\t\t\t\t<div class=\"elementor-widget-container\">\n\t\t\t\t\t\t\t\t\t<p>M\u00fc\u015fterilerimizin ihtiya\u00e7lar\u0131n\u0131 do\u011fru analiz eden, zaman\u0131nda ve eksiksiz teslimat sa\u011flayan, s\u00fcrd\u00fcr\u00fclebilir ticaret anlay\u0131\u015f\u0131yla hareket eden bir tedarik orta\u011f\u0131 olmak i\u00e7in \u00e7al\u0131\u015f\u0131yoruz.<br data-start=\"515\" data-end=\"518\" \/><br \/><\/p>\t\t\t\t\t\t\t\t<\/div>\n\t\t\t\t<\/div>\n\t\t\t\t\t<\/div>\n\t\t\t\t<\/div>\n\t\t\t\t\t<\/div>\n\t\t\t\t<\/div>\n\t\t\t\t<\/div>\n\t\t\t\t<\/div>\n\t\t<div class=\"elementor-element elementor-element-3cab492 e-flex e-con-boxed e-con e-parent\" data-id=\"3cab492\" data-element_type=\"container\" data-e-type=\"container\">\n\t\t\t\t\t<div class=\"e-con-inner\">\n\t\t<div class=\"elementor-element elementor-element-37b6a00 e-con-full e-flex e-con e-child\" data-id=\"37b6a00\" data-element_type=\"container\" data-e-type=\"container\">\n\t\t\t\t<div class=\"elementor-element elementor-element-0f74706 elementor-widget elementor-widget-text-editor\" data-id=\"0f74706\" data-element_type=\"widget\" data-e-type=\"widget\" data-widget_type=\"text-editor.default\">\n\t\t\t\t<div class=\"elementor-widget-container\">\n\t\t\t\t\t\t\t\t\t<p>Meelc Steel, \u00e7elik \u00fcretimi ve metal tedariki alan\u0131nda T\u00fcrkiye\u2019nin g\u00fc\u00e7l\u00fc sanayi altyap\u0131s\u0131n\u0131 d\u00fcnya pazarlar\u0131yla bulu\u015fturan uluslararas\u0131 bir ihracat firmas\u0131d\u0131r. \u00c7elik, paslanmaz \u00e7elik, galvaniz ve benzeri metal \u00fcr\u00fcnlerinde y\u00fcksek kalite standartlar\u0131na sahip geni\u015f \u00fcr\u00fcn portf\u00f6y\u00fcm\u00fczle bir\u00e7ok \u00fclkeye g\u00fcvenilir ve s\u00fcrd\u00fcr\u00fclebilir \u00e7\u00f6z\u00fcmler sunuyoruz.<\/p><p data-start=\"530\" data-end=\"845\">Kurulu\u015fumuzdan bu yana hedefimiz; m\u00fc\u015fterilerimize do\u011fru \u00fcr\u00fcn\u00fc, do\u011fru zamanda ve en uygun ko\u015fullarla ula\u015ft\u0131rmak olmu\u015ftur. T\u00fcrkiye\u2019nin \u00f6nde gelen \u00fcreticileri ile kurdu\u011fumuz g\u00fc\u00e7l\u00fc i\u015f ortakl\u0131klar\u0131 sayesinde, her sekt\u00f6rden projelere \u00f6zel tedarik \u00e7\u00f6z\u00fcmleri sa\u011flayarak global pazarda tercih edilen bir marka haline geldik.<\/p>\t\t\t\t\t\t\t\t<\/div>\n\t\t\t\t<\/div>\n\t\t\t\t<\/div>\n\t\t<div class=\"elementor-element elementor-element-bed6c16 e-con-full e-flex e-con e-child\" data-id=\"bed6c16\" data-element_type=\"container\" data-e-type=\"container\">\n\t\t\t\t<div class=\"elementor-element elementor-element-37e33cc elementor-widget elementor-widget-text-editor\" data-id=\"37e33cc\" data-element_type=\"widget\" data-e-type=\"widget\" data-widget_type=\"text-editor.default\">\n\t\t\t\t<div class=\"elementor-widget-container\">\n\t\t\t\t\t\t\t\t\t<p>Meelc Steel olarak:<\/p><ul><li data-start=\"871\" data-end=\"917\"><strong data-start=\"871\" data-end=\"914\">Kaliteli ve sertifikal\u0131 \u00fcr\u00fcnler sunmay\u0131<\/strong>,<\/li><li data-start=\"920\" data-end=\"975\"><strong data-start=\"920\" data-end=\"972\">Zaman\u0131nda ve g\u00fcvenilir teslimat ger\u00e7ekle\u015ftirmeyi<\/strong>,<\/li><li data-start=\"978\" data-end=\"1039\"><strong data-start=\"978\" data-end=\"1036\">Uluslararas\u0131 ticaret standartlar\u0131na tam uyum sa\u011flamay\u0131<\/strong>,<\/li><li data-start=\"1042\" data-end=\"1096\"><strong data-start=\"1042\" data-end=\"1094\">M\u00fc\u015fteri memnuniyetini her \u015feyin \u00fczerinde tutmay\u0131<\/strong><\/li><\/ul><p data-start=\"1098\" data-end=\"1139\">temel prensiplerimiz olarak benimsiyoruz.<\/p><p data-start=\"1141\" data-end=\"1408\">Profesyonel ekibimiz, lojistik g\u00fcc\u00fcm\u00fcz ve ihracat deneyimimizle, metal sekt\u00f6r\u00fcn\u00fcn t\u00fcm ihtiya\u00e7lar\u0131na h\u0131zl\u0131 ve etkin \u00e7\u00f6z\u00fcmler \u00fcretmeye devam ediyoruz. Amac\u0131m\u0131z yaln\u0131zca \u00fcr\u00fcn tedarik etmek de\u011fil; d\u00fcnya genelinde uzun soluklu, g\u00fcvene dayal\u0131 i\u015f ortakl\u0131klar\u0131 olu\u015fturmakt\u0131r.<\/p>\t\t\t\t\t\t\t\t<\/div>\n\t\t\t\t<\/div>\n\t\t\t\t<\/div>\n\t\t\t\t\t<\/div>\n\t\t\t\t<\/div>\n\t\t<div class=\"elementor-element elementor-element-5517c48 e-flex e-con-boxed e-con e-parent\" data-id=\"5517c48\" data-element_type=\"container\" data-e-type=\"container\">\n\t\t\t\t\t<div class=\"e-con-inner\">\n\t\t<div class=\"elementor-element elementor-element-77158c2 e-con-full e-flex e-con e-child\" data-id=\"77158c2\" data-element_type=\"container\" data-e-type=\"container\">\n\t\t\t\t<div class=\"elementor-element elementor-element-2dcc758 elementor-widget elementor-widget-text-editor\" data-id=\"2dcc758\" data-element_type=\"widget\" data-e-type=\"widget\" data-widget_type=\"text-editor.default\">\n\t\t\t\t<div class=\"elementor-widget-container\">\n\t\t\t\t\t\t\t\t\t<h2><strong>Misyonumuz<\/strong><\/h2><p data-start=\"126\" data-end=\"620\">Meelc Steel olarak misyonumuz; \u00e7elik, paslanmaz \u00e7elik ve galvaniz \u00fcr\u00fcnlerinde uluslararas\u0131 standartlara uygun, kaliteli ve g\u00fcvenilir \u00e7\u00f6z\u00fcmler sunarak T\u00fcrkiye\u2019nin \u00fcretim g\u00fcc\u00fcn\u00fc d\u00fcnya pazarlar\u0131na ta\u015f\u0131makt\u0131r.<br data-start=\"331\" data-end=\"334\" \/>M\u00fc\u015fterilerimizin ihtiya\u00e7lar\u0131n\u0131 do\u011fru analiz eden, zaman\u0131nda ve eksiksiz teslimat sa\u011flayan, s\u00fcrd\u00fcr\u00fclebilir ticaret anlay\u0131\u015f\u0131yla hareket eden bir tedarik orta\u011f\u0131 olmak i\u00e7in \u00e7al\u0131\u015f\u0131yoruz.<br data-start=\"515\" data-end=\"518\" \/>\u0130\u015f s\u00fcre\u00e7lerimizin her a\u015famas\u0131nda \u015feffafl\u0131k, g\u00fcvenilirlik ve m\u00fc\u015fteri memnuniyeti temel de\u011ferlerimizdir.<\/p>\t\t\t\t\t\t\t\t<\/div>\n\t\t\t\t<\/div>\n\t\t\t\t<\/div>\n\t\t<div class=\"elementor-element elementor-element-9ae1bf1 e-con-full e-flex e-con e-child\" data-id=\"9ae1bf1\" data-element_type=\"container\" data-e-type=\"container\">\n\t\t\t\t<div class=\"elementor-element elementor-element-e592f5b elementor-widget elementor-widget-text-editor\" data-id=\"e592f5b\" data-element_type=\"widget\" data-e-type=\"widget\" data-widget_type=\"text-editor.default\">\n\t\t\t\t<div class=\"elementor-widget-container\">\n\t\t\t\t\t\t\t\t\t<h2><strong>Vizyonumuz<\/strong><\/h2><p data-start=\"646\" data-end=\"1105\">Vizyonumuz; global metal tedarik sekt\u00f6r\u00fcnde g\u00fcvenilirli\u011fi ve kaliteyi temsil eden lider bir marka olmak, i\u015f ortaklar\u0131m\u0131z\u0131n tercih etti\u011fi uzun vadeli i\u015f orta\u011f\u0131 haline gelmek ve ihracat hacmimizi s\u00fcrekli art\u0131rarak d\u00fcnya \u00e7ap\u0131nda g\u00fc\u00e7l\u00fc bir Meelc Steel a\u011f\u0131 olu\u015fturmakt\u0131r.<br data-start=\"912\" data-end=\"915\" \/>Teknolojik yenilikleri takip eden, s\u00fcrekli geli\u015fen, s\u00fcrd\u00fcr\u00fclebilir \u00fcretimi ve uluslararas\u0131 rekabet g\u00fcc\u00fcn\u00fc destekleyen bir yap\u0131 ile gelece\u011fe y\u00f6n veren bir sekt\u00f6r oyuncusu olmay\u0131 hedefliyoruz.<\/p>\t\t\t\t\t\t\t\t<\/div>\n\t\t\t\t<\/div>\n\t\t\t\t<\/div>\n\t\t\t\t\t<\/div>\n\t\t\t\t<\/div>\n\t\t\t\t<\/div>\n\t\t","protected":false},"excerpt":{"rendered":"<p>Hakk\u0131m\u0131zda Y\u00fcksek Teknoloji, Y\u00fcksek Dayan\u0131kl\u0131l\u0131k Meelc Steel Y\u00fcksek Teknoloji, Y\u00fcksek Dayan\u0131kl\u0131l\u0131k Meelc Steel \u2013 G\u00fcc\u00fcn\u00fc \u00c7elikten Alan K\u00fcresel Tedarik Orta\u011f\u0131n\u0131z. M\u00fc\u015fterilerimizin ihtiya\u00e7lar\u0131n\u0131 do\u011fru analiz eden, zaman\u0131nda ve eksiksiz teslimat sa\u011flayan, [&hellip;]<\/p>\n","protected":false},"author":1,"featured_media":0,"parent":0,"menu_order":0,"comment_status":"closed","ping_status":"closed","template":"","meta":{"footnotes":""},"class_list":["post-401","page","type-page","status-publish","hentry"],"_links":{"self":[{"href":"https:\/\/meelcsteel.com\/index.php\/wp-json\/wp\/v2\/pages\/401","targetHints":{"allow":["GET"]}}],"collection":[{"href":"https:\/\/meelcsteel.com\/index.php\/wp-json\/wp\/v2\/pages"}],"about":[{"href":"https:\/\/meelcsteel.com\/index.php\/wp-json\/wp\/v2\/types\/page"}],"author":[{"embeddable":true,"href":"https:\/\/meelcsteel.com\/index.php\/wp-json\/wp\/v2\/users\/1"}],"replies":[{"embeddable":true,"href":"https:\/\/meelcsteel.com\/index.php\/wp-json\/wp\/v2\/comments?post=401"}],"version-history":[{"count":4,"href":"https:\/\/meelcsteel.com\/index.php\/wp-json\/wp\/v2\/pages\/401\/revisions"}],"predecessor-version":[{"id":587,"href":"https:\/\/meelcsteel.com\/index.php\/wp-json\/wp\/v2\/pages\/401\/revisions\/587"}],"wp:attachment":[{"href":"https:\/\/meelcsteel.com\/index.php\/wp-json\/wp\/v2\/media?parent=401"}],"curies":[{"name":"wp","href":"https:\/\/api.w.org\/{rel}","templated":true}]}}